, 149
List the prime factors of 1892263.
593, 3191
What are the prime factors of 172020?
2, 3, 5, 47, 61
What are the prime factors of 15198716?
2, 13, 292283
List the prime factors of 12674826.
2, 3, 17, 13807
What are the prime factors of 2099457?
3, 479, 487
What are the prime factors of 120956?
2, 11, 2749
What are the prime factors of 3551632?
2, 7, 19, 1669
What are the prime factors of 43149?
3, 19, 757
What are the prime factors of 1546400?
2, 5, 1933
What are the prime factors of 450686?
2, 225343
What are the prime factors of 173519?
17, 59, 173
List the prime factors of 360354.
2, 3, 19, 29, 109
List the prime factors of 130278.
2, 3, 21713
What are the prime factors of 378296?
2, 47287
What are the prime factors of 1675137?
3, 41, 13619
What are the prime factors of 43034?
2, 21517
List the prime factors of 4330346.
2, 773, 2801
What are the prime factors of 596707?
596707
List the prime factors of 147879.
3, 5477
What are the prime factors of 387139?
47, 8237
What are the prime factors of 69550?
2, 5, 13, 107
List the prime factors of 91866.
2, 3, 61, 251
List the prime factors of 878037.
3, 292679
List the prime factors of 3860257.
383, 10079
List the prime factors of 443846.
2, 13, 43, 397
What are the prime factors of 904995?
3, 5, 7, 13, 17
What are the prime factors of 872675?
5, 67, 521
What are the prime factors of 164206?
2, 7, 37, 317
List the prime factors of 683085.
3, 5, 13, 31, 113
What are the prime factors of 1682224?
2, 47, 2237
List the prime factors of 211166.
2, 19, 5557
What are the prime factors of 5442842?
2, 2721421
List the prime factors of 136932.
2, 3, 11411
What are the prime factors of 593965?
5, 211, 563
What are the prime factors of 26878762?
2, 13439381
List the prime factors of 19364908.
2, 677, 7151
What are the prime factors of 781589?
781589
List the prime factors of 9578805.
3, 5, 638587
List the prime factors of 24209546.
2, 1877, 6449
What are the prime factors of 679800?
2, 3, 5, 11, 103
What are the prime factors of 103168?
2, 13, 31
List the prime factors of 2364031.
1453, 1627
List the prime factors of 25120904.
2, 3140113
List the prime factors of 8110682.
2, 19, 61, 3499
What are the prime factors of 1363199?
223, 6113
What are the prime factors of 508262?
2, 67, 3793
What are the prime factors of 2759347?
113, 24419
List the prime factors of 2204529.
3, 41, 17923
List the prime factors of 884144.
2, 55259
What are the prime factors of 12058807?
751, 16057
List the prime factors of 1359825.
3, 5, 18131
List the prime factors of 3224420.
2, 5, 161221
What are the prime factors of 507889?
19, 26731
What are the prime factors of 15094881?
3, 1677209
List the prime factors of 111098.
2, 13, 4273
What are the prime factors of 723749?
13, 55673
What are the prime factors of 16706?
2, 8353
What are the prime factors of 555561?
3, 61729
List the prime factors of 135197.
135197
What are the prime factors of 2203382?
2, 1101691
List the prime factors of 785217.
3, 261739
What are the prime factors of 2127231?
3, 71, 3329
What are the prime factors of 24359350?
2, 5, 487187
What are the prime factors of 13742944?
2, 429467
List the prime factors of 548701.
19, 28879
What are the prime factors of 906004?
2, 11, 59, 349
List the prime factors of 5070143.
13, 23, 31, 547
List the prime factors of 31920760.
2, 5, 19, 97, 433
List the prime factors of 7366736.
2, 13, 107, 331
List the prime factors of 344281.
7, 137, 359
What are the prime factors of 27351?
3, 1013
List the prime factors of 1967126.
2, 7, 71, 1979
What are the prime factors of 42516?
2, 3, 1181
List the prime factors of 2269174.
2, 1134587
What are the prime factors of 168166?
2, 47, 1789
What are the prime factors of 6377292?
2, 3
What are the prime factors of 7637625?
3, 5, 31, 73
List the prime factors of 890601.
3, 283, 1049
List the prime factors of 4143418.
2, 71, 29179
What are the prime factors of 117160?
2, 5, 29, 101
What are the prime factors of 693654?
2, 3, 13, 8893
What are the prime factors of 3097135?
5, 313, 1979
List the prime factors of 11924096.
2, 19, 4903
List the prime factors of 2751848.
2, 11, 31271
List the prime factors of 12350.
2, 5, 13, 19
List the prime factors of 4004633.
43, 93131
What are the prime factors of 12808912?
2, 800557
List the prime factors of 1533297.
3, 113, 4523
List the prime factors of 5951200.
2, 5, 43, 173
List the prime factors of 48927.
3, 47, 347
List the prime factors of 19080975.
3, 5, 254413
List the prime factors of 4136481.
3, 23, 6661
What are the prime factors of 473206?
2, 223, 1061
List the prime factors of 2656577.
7, 11, 34501
What are the prime factors of 18079696?
2, 31, 36451
List the prime factors of 2632952.
2, 7, 47017
List the prime factors of 671480.
2, 5, 16787
What are the prime factors of 16260296?
2, 13, 17, 541
List the prime factors of 140105.
5, 7, 4003
What are the prime factors of 321515?
5, 64303
What are the prime factors of 548230?
2, 5, 73, 751
List the prime factors of 37995386.
2, 11, 13, 132851
What are the prime factors of 227974?
2, 31, 3677
What are the prime factors of 9451309?
7, 1350187
What are the prime factors of 8751278?
2, 4375639
List the prime factors of 2262189.
3, 103, 7321
What are the prime factors of 2023993?
2023993
List the prime factors of 16139230.
2, 5, 967, 1669
What are the prime factors of 2505820?
2, 5, 349, 359
List the prime factors of 328158.
2, 3, 59, 103
What are the prime factors of 588376?
2, 73547
What are the prime factors of 1431988?
2, 357997
List the prime factors of 825316.
2, 17, 53, 229
List the prime factors of 3016300.
2, 5, 7, 31, 139
What are the prime factors of 1131154?
2, 271, 2087
What are the prime factors of 14150023?
2797, 5059
What are the prime factors of 1622774?
2, 811387
List the prime factors of 130946.
2, 233, 281
List the prime factors of 1014568.
2, 31, 4091
What are the prime factors of 1542192?
2, 3, 19, 89
What are the prime factors of 1329076?
2, 7, 6781
What are the prime factors of 7962615?
3, 5, 19, 67, 139
List the prime factors of 11275713.
3, 37, 11287
What are the prime factors of 6198669?
3, 688741
List the prime factors of 2947199.
2947199
List the prime factors of 85913.
53, 1621
List the prime factors of 12210.
2, 3, 5, 11, 37
List the prime factors of 816052.
2, 204013
List the prime factors of 738095.
5, 43, 3433
List the prime factors of 3264519.
3, 337, 3229
List the prime factors of 3348619.
811, 4129
List the prime factors of 559221.
3, 13, 1103
List the prime factors of 5930564.
2, 271, 5471
List the prime factors of 12610.
2, 5, 13, 97
List the prime factors of 9607376.
2, 23, 26107
List the prime factors of 5739716.
2, 1434929
List the prime factors of 94199.
7, 13457
List the prime factors of 9856.
2, 7, 11
What are the prime factors of 152952?
2, 3, 6373
What are the prime factors of 532761?
3, 257, 691
What are the prime factors of 284345?
5, 29, 37, 53
What are the prime factors of 2220002?
2, 151, 7351
What are the prime factors of 6345458?
2, 7, 453247
What are the prime factors of 817649?
7, 17, 6871
List the prime factors of 459142.
2, 173, 1327
List the prime factors of 940295.
5, 181, 1039
List the prime factors of 57434.
2, 13, 47
What are the prime factors of 24882298?
2, 7, 253901
What are the prime factors of 1318727?
1318727
List the prime factors of 871668.
2, 3, 7, 1153
What are the prime factors of 6827799?
3, 11, 113, 1831
List the prime factors of 968760.
2, 3, 5, 13, 23
What are the prime factors of 10073233?
31, 53, 6131
What are the prime factors of 7264936?
2, 7, 43, 431
List the prime factors of 1820717.
17, 107101
What are the prime factors of 1870599?
3, 367, 1699
List the prime factors of 2612723.
43, 60761
What are the prime factors of 29522731?
7, 23, 233, 787
What are the prime factors of 10420?
2, 5, 521
What are the prime factors of 10952726?
2, 17, 322139
List the prime factors of 3773048.
2, 17, 27743
What are the prime factors of 142225?
5, 5689
What are the prime factors of 607142?
2, 303571
What are the prime factors of 532990?
2, 5, 53299
List the prime factors of 1975875.
3, 5, 11, 479
What are the prime factors of 223782?
2, 3, 13, 19, 151
What are the prime factors of 776086?
2, 59, 6577
List the prime factors of 1108